- 120*h. Calculate the remainder when 101 is divided by h.
2
Let g(u) = u - 6. Let w be g(7). Suppose -2 + w = m. Calculate the remainder when 3 is divided by 0/2 + (1 - m).
1
Suppose -95 = -b - 17. Let m = -30 - -44. Calculate the remainder when ((-2)/(-3))/(2/b) is divided by m.
12
Suppose -w = j - 241, -47*w + 482 = 2*j - 51*w. Calculate the remainder when j is divided by 37.
19
Suppose 0 = -14*i - 49 + 399. What is the remainder when 100 is divided by i?
0
Let a(k) = 41*k**2 - 5*k. Calculate the remainder when 273 is divided by a(-1).
43
Let h = 29 + -21. Let y = 94 + -63. What is the remainder when y is divided by h?
7
Let k(q) = 4*q**2 - 2*q - 5. Let l(i) = i**2 - i - 1. Let z(t) = -k(t) + 6*l(t). Let n = -76 - -120. What is the remainder when n is divided by z(4)?
14
Let f = -323 - -473. Calculate the remainder when f is divided by 88.
62
Let i = -83 - -104. Suppose 0 = t - 5*s - i, -7*t + 2*s + 59 = -2*t. What is the remainder when t is divided by 3?
2
Let o = -76 + 128. Suppose 17 = -p + o. Calculate the remainder when p is divided by 19.
16
Suppose -8*c + 135 = -5*c. Suppose g = 62 + c. Calculate the remainder when g is divided by 22.
19
Let l(h) = -h**3 - 3*h**2 + 2*h - 7. Let t be l(3). Let a = t + 66. Calculate the remainder when 18 is divided by a.
7
Let t = -14637 - -14644. What is the remainder when t is divided by (-10)/(-4) + (-1)/(-2)?
1
Suppose 152*z + 90 = 158*z. Calculate the remainder when 15 is divided by z.
0
Let j(k) = -k**3 + 11*k**2 + 26*k + 3. Let v be j(13). Suppose -v*f + 9*f = 216. What is the remainder when 176 is divided by f?
32
What is the remainder when 185 is divided by -3*(-10)/18*(21 + 12)?
20
Let b = -1173 - -2019. Calculate the remainder when b is divided by 16.
14
Suppose -3*m + 43 = 2*n - n, -n = -3*m - 43. Calculate the remainder when 120 is divided by n.
34
Let c(u) be the first derivative of u**2/2 + 26*u + 16. Calculate the remainder when 57 is divided by c(-11).
12
Suppose 39 = 7*u + 6*u. What is the remainder when 52 is divided by u?
1
Let f = -290 + 441. What is the remainder when f is divided by 31?
27
Let w(x) = 2*x**2 - 28*x + 31. Calculate the remainder when 336 is divided by w(14).
26
Let n(a) = -39*a**3 - 3*a**2 + 2*a + 3. Calculate the remainder when n(-1) is divided by 3.
1
Let b = 374 - 212. Calculate the remainder when b is divided by 41.
39
Suppose -32 = -15*d + 7*d. Let y(t) = -2*t + 3. Let x be y(6). What is the remainder when 3*(-33)/x*1 is divided by d?
3
Let f = -333 + 337. Let a = -1 - -4. What is the remainder when f is divided by a?
1
Let q = -24 + 22. Calculate the remainder when 57 is divided by (-4 + (-21 - q))/(2 + -3).
11
Suppose 6*x - 36 + 6 = 0. Suppose -5 = x*t, -3*f + 9*t = 4*t - 299. What is the remainder when f is divided by 25?
23
Let u(h) = 5*h**2 - 4*h + 2. Let g be u(4). Suppose 114*v - 1987 = 7019. What is the remainder when v is divided by 2/(-4) + g/4?
15
Let x = -20 + 14. Let m be 120/36*6/5. What is the remainder when (x + 0)*(-18)/m is divided by 7?
6
Let t(p) = -11*p**2 - p + 4. Let i be t(-2). Let d = i - -128. Calculate the remainder when d is divided by 2/(-3)*3 - -25.
21
Let p(m) = 11*m**3 - 17*m**2 - 3*m - 3. Let n(g) = -4*g**3 + 6*g**2 + g + 1. Let x(r) = 17*n(r) + 6*p(r). Calculate the remainder when 64 is divided by x(-2).
13
Suppose 0 = -5*g + 50*q - 47*q + 7885, 0 = -2*g - q + 3143. Calculate the remainder when g is divided by 19.
16
Let g(p) = p**3 - 7*p**2 + 6*p + 5. Let b(f) = -52*f - 146. Calculate the remainder when b(-3) is divided by g(6).
0
Let w(i) be the second derivative of 1/20*i**5 + 3/2*i**2 - 11/6*i**3 + 3/4*i**4 + 9*i + 0. Calculate the remainder when w(-10) is divided by 4.
1
Suppose -10*f = -344 - 296. What is the remainder when 154 is divided by f?
26
Suppose 2*z = 71 + 11. Suppose 9 = -3*o - 3*w + 24, -z = -5*o + 3*w. Calculate the remainder when o is divided by 2.
1
Let t = 5 - 2. Let j = 24 + t. Calculate the remainder when j is divided by ((-42)/8)/((-9)/24).
13
Suppose 155 + 89 = 4*g + 4*r, 0 = -4*r - 16. What is the remainder when g is divided by 6?
5
Let i = -61 - -57. What is the remainder when 18 is divided by 2/(i/(-9)) - (-35)/70?
3
Let d = -108 - -132. Suppose -5*v - 13 = -48. Calculate the remainder when d is divided by v.
3
Suppose 4*b = -218 + 918. What is the remainder when b is divided by 10?
5
Suppose b + 155 = 3*u, 256 = -0*u + 5*u - 4*b. Suppose -4*x = 4*y - 40, x + 0*y + 2*y = 9. Calculate the remainder when u is divided by x.
8
Suppose -2*s + 174 = 4*v, 5*s + 3*v - 7*v = 435. Suppose 0 = -2*b + 3*u - 4 + s, 0 = -5*b - 3*u + 260. What is the remainder when 95 is divided by b?
46
Suppose -7886 - 4051 = -173*j. What is the remainder when j is divided by (-2)/(1 - 45/39)?
4
Let f be 266/57*-3*1. What is the remainder when (-128)/(-28) + (-6)/f is divided by 4?
1
Let d(l) = 48*l**2 - 18*l + 93. Calculate the remainder when d(3) is divided by 43.
41
Let i(c) = c**2 - 9*c - 73. Calculate the remainder when 280 is divided by i(15).
8
Let p(j) = 8*j**2 + 35*j - 71. Calculate the remainder when 109 is divided by p(2).
16
Let u(a) = 2*a**2 + 71*a + 74. Calculate the remainder when u(-36) is divided by 53.
4
Let l = 37 - 24. Let f be (-35)/(-7)*(-1 + -4). Let c(b) = b**3 + 23*b**2 - 51*b + 25. What is the remainder when c(f) is divided by l?
11
Suppose 0 = 2*m + p - 12, -5*p = 3*m - 27 + 16. What is the remainder when 760 is divided by m?
4
Suppose 5*n - 25 = 4*x, 3*x + 14 = 3*n - 4. Let a be (-616)/(-11)*(n - -4). Suppose 2*d - a = -3*d. What is the remainder when d is divided by 15?
11
Calculate the remainder when ((-2904)/10)/(-3) - (-4)/20 is divided by 26.
19
Suppose -468 = -5*v + 107. Calculate the remainder when v is divided by 62.
53
What is the remainder when ((-14577)/(-86))/(6/4) is divided by 15?
8
Let y = 6 - 6. Suppose y = -8*i + 3*i. Suppose 0 = -4*o - i*o + 12. What is the remainder when 5 is divided by o?
2
Suppose -3*j = -46 - 26. Let t be (-1)/(0 - 2/76). Let p = t - j. What is the remainder when 41 is divided by p?
13
Let t be 4/22 - 2/11. Suppose t = d - 8 - 3. Suppose -5*x + 15 = 0, 8*b - 9*b + 57 = -2*x. Calculate the remainder when b is divided by d.
8
Calculate the remainder when 569 is divided by (-8)/((56/52)/(-7)).
49
Let j = -31 - -170. Let w = -103 + j. What is the remainder when w is divided by 8?
4
Suppose 3*n = 0, -y + 4*y - n = -66. Let m = y - -11. Let a = m - -27. What is the remainder when 29 is divided by a?
13
Suppose -4*a - 2*i + 64 = 0, -13*a - 3*i + 64 = -9*a. Calculate the remainder when 365 is divided by a.
13
Let f(y) = -y - 4. Let u be f(-7). Suppose 9 + 21 = u*w. What is the remainder when 49 is divided by w?
9
Suppose 42*u - 9675 = 33*u. What is the remainder when u is divided by 14?
11
Let h(y) = -y**2 + 14*y - 12. Let l be h(11). Let k = -19 + l. Suppose -12 = k*v - 5*v. What is the remainder when 5 is divided by v?
1
Let b(y) = y**3 - 16*y**2 + 2*y + 3. Suppose -4*t - 38 = -3*j - 9*t, 5*t + 26 = j. Let u(c) = 2*c**2 - 5*c. What is the remainder when b(j) is divided by u(4)?
11
Let k(s) = 3*s**2 - 13*s - 1. Let n(w) = -7*w**2 + 27*w + 3. Let u(r) = 5*k(r) + 2*n(r). What is the remainder when u(11) is divided by 1?
0
Calculate the remainder when ((-26)/10)/(36/(-360)) is divided by 9.
8
Suppose 291 = -x + 3*x - 5*k, 3*x - k - 430 = 0. What is the remainder when x is divided by 40?
23
Let s(c) = -c**3 + 20*c**2 + 8*c - 123. Calculate the remainder when 184 is divided by s(20).
36
Let w(m) = m**2 + 4*m - 5. Let g be (0 + (4 - 4))/2. What is the remainder when (-8)/(-12)*93 + g is divided by w(-7)?
14
Let s(y) = 3*y - 18. Let n be s(14). Let m(u) = -u**3 - 4*u**2 - 2*u + 1. Let d be m(-5). Let t = d - n. Calculate the remainder when 35 is divided by t.
11
Let g(b) = b**2 + 2*b + 13. Let j(z) = 2*z**2 + z + 12. Let u(s) = 3*g(s) - 2*j(s). Calculate the remainder when 3 is divided by u(6).
0
Let b(c) = 101*c + 11. Let h be b(6). Let j = 405 - h. What is the remainder when (3 + j/12)*-3 is divided by 12?
8
Let x = 36 + -18. Calculate the remainder when 50 is divided by x.
14
Let y(f) = -2*f + 5 + 0*f - 1. Let s(j) = -3*j + 5. Let i(k) = -3*s(k) + 4*y(k). Calculate the remainder when 22 is divided by i(4).
2
Let z(t) = 4*t**2 - 44*t + 152. Calculate the remainder when 